 w.
6
Suppose -5*k = -3*i - 4 - 0, -3*i + 10 = 2*k. Suppose -q = k*p, 0 = 4*q - 2*p + p. Suppose q = -2*u - u + 135. Calculate the greatest common factor of 9 and u.
9
Let x = 72 + -16. Let o be (-29)/2 - 3/6. Let p = o + 23. What is the highest common divisor of x and p?
8
Let f(m) = 7*m**2. Let r be f(1). Suppose 2*o = 7*o - 105. What is the highest common divisor of r and o?
7
Let x(c) = -3*c. Let v be x(-1). Suppose 0*d + 108 = f + 3*d, -v*f = -4*d - 363. What is the greatest common factor of f and 13?
13
Suppose -5*h + 255 + 1085 = 0. Suppose 2*u = -r + 3*u + 63, 4*u - h = -4*r. Calculate the highest common divisor of r and 13.
13
Suppose -3*x = 2*x. Let u(t) = t**2 - 5*t + 2. Let y be u(5). Suppose -5*m - h + 44 = x, 6 = 2*m + y*h - 18. Calculate the greatest common divisor of 8 and m.
8
Suppose 0 = -3*t - 37 + 4. Let j be -1*(t + (-4)/1). Calculate the highest common factor of 6 and j.
3
Let u be -1 + 14 + 4 + -2. Suppose 3*j - 111 = -2*s + 174, 20 = 4*j. Calculate the highest common divisor of u and s.
15
Let j = 151 - 63. What is the greatest common divisor of j and 11?
11
Let w = 28 - 62. Let t = w + 51. What is the greatest common factor of 51 and t?
17
Let v = 27 - -5. Let c(a) = -a**3 - 4*a**2 - a. Let z be c(-4). Suppose r + 0*r = z. Calculate the highest common factor of r and v.
4
Let q(t) = 178*t + 2. Let k be q(1). What is the highest common divisor of 72 and k?
36
Suppose -40 = -32*y + 27*y. Calculate the greatest common factor of 8 and y.
8
Suppose 7*n - 2*n = 520. Let q be (-1)/(6/8)*-3. Suppose 9 = w - q. What is the highest common factor of w and n?
13
Let y = -86 - -121. What is the highest common divisor of 7 and y?
7
Suppose j + 19 = 3*u, u + 0*j = -j + 1. Let m(n) = u*n + 0*n - 3*n + 1. Let w be m(4). Calculate the highest common divisor of 3 and w.
3
Suppose -10 = -3*s + 2. Let j = -21 + 31. Calculate the greatest common factor of j and s.
2
Let o = -80 - -86. What is the greatest common divisor of 16 and o?
2
Suppose -2*f = 4*i - 68, 5*i + 2*f = -33 + 116. Calculate the highest common factor of i and 60.
15
Let n(c) = c**2 - 5*c + 4. Let g = -10 - -16. Let b be n(g). Suppose 2*k - b = -2. What is the greatest common factor of 8 and k?
4
Let g be (-1)/(2/(-2)) - 1. Suppose g*a + a = 5*m - 125, 0 = a + 5. Let n = 24 + -8. What is the highest common divisor of n and m?
8
Let r = 314 - 184. Suppose -3*o - 2*z + 244 + r = 0, 5*o - 665 = 5*z. Calculate the greatest common divisor of 16 and o.
16
Let a = 61 - 12. Let v = -30 + a. Calculate the highest common factor of v and 209.
19
Let u be (-4 - -2)*(-34)/2. Let m = 174 + -123. What is the highest common factor of m and u?
17
Let q = 13 + -8. Suppose -q*d + 122 + 238 = 0. Suppose -2*j + 6 = -10. Calculate the greatest common divisor of j and d.
8
Suppose -o + 5*l - 1 = -5, 2*o + 5*l + 7 = 0. Let u = o + 1. Suppose -3*f + 5*f - 56 = u. Calculate the highest common factor of 7 and f.
7
Let q(j) = -j**3 + 7*j**2 + 7. Let c be q(7). What is the highest common divisor of c and 28?
7
Suppose 0 = 2*c + 4, 2*b = -c + 9 + 7. Let y(h) = h**3 - 9*h**2 + h. Let d be y(b). Let p = d - 8. Calculate the highest common factor of p and 7.
1
Suppose -2*t - 4*d + 77 = -111, 4*t + d - 341 = 0. Calculate the greatest common factor of 21 and t.
21
Let l(a) = -a**3 - 12*a**2 - 15*a + 1. Let g be l(-11). Calculate the highest common factor of g and 18.
9
Let q(c) = c**2 - 16*c + 17. Let u be q(15). Calculate the greatest common divisor of u and 16.
2
Let q = -115 - -211. What is the highest common factor of q and 16?
16
Let z(h) = h**3 + 6*h**2 - 4*h - 9. Let b be z(-6). What is the highest common divisor of b and 3?
3
Let s(i) = -8*i**3 + i**2 + i + 1. Let a(f) = 2*f + 7. Let r be a(-4). Let b be s(r). What is the highest common factor of b and 72?
9
Let w = -13 - -23. Suppose 8*b - w*b = -308. What is the highest common divisor of b and 14?
14
Suppose 3*v + 4*y - 18 = 0, 0*v + 2*v = y + 1. Suppose -4*q + 2 = -2. Calculate the highest common divisor of q and v.
1
Let g(y) be the third derivative of 0 + 1/6*y**3 + y**2 + 0*y + 11/24*y**4. Let z be g(1). Calculate the greatest common divisor of z and 18.
6
Suppose -4*a = 3*l + 59, 3*a + 40 + 20 = -3*l. Let j be ((-7)/l)/((-1)/(-21)). Suppose -3*v + 43 = j. What is the highest common divisor of 18 and v?
6
Suppose -4*d - m = 21, 2*d + 5*m = -d - 3. Let v(w) = -w**3 - 7*w**2 - 7*w + 1. Let g be v(d). Let b = g + -5. Calculate the greatest common divisor of b and 8.
2
Let d = 5 - -11. Suppose 2*u - 7*u - 25 = 0. Let l(f) = f**2 + 6*f + 7. Let b be l(u). Calculate the greatest common divisor of d and b.
2
Let y = -124 + 145. What is the highest common factor of y and 84?
21
Let z(k) = k - 3. Let j be z(5). Suppose 0 = 3*t - j*t - 40. What is the greatest common divisor of 5 and t?
5
Let m = -9 - -9. Let q be (1 + -2)*m/(-1). Suppose q = -0*v - 4*v + 252. Calculate the greatest common factor of 21 and v.
21
Let i be (-2)/(4/(-50)) + 2. Suppose 3*k = -9 + i. Calculate the highest common divisor of 15 and k.
3
Let w be -2 - (2 + 0 + -6). Let f be 1*(1 - w) - -12. What is the highest common factor of f and 99?
11
Let s = 4 - 2. Suppose 3*n = n + s. Suppose 5*g - n = 9. What is the highest common divisor of 4 and g?
2
Suppose 4*w = -0*w + 264. Calculate the highest common divisor of 6 and w.
6
Let z be ((-10)/(-4))/(7/84). Suppose -4*d + 3*b + 22 = -3*d, 3*d + 2*b = 22. What is the highest common divisor of d and z?
10
Let y be -15*(28/3)/(-7). Calculate the greatest common divisor of 60 and y.
20
Let u = -8 + 10. Suppose 3*m - 5*l - 127 = u*m, 0 = 4*l - 16. Calculate the highest common factor of 21 and m.
21
Suppose -3*h + h = -14. Let i(g) = 12*g + 6. Let o be i(h). What is the highest common factor of o and 36?
18
Suppose 0 = -4*k - i + 3*i + 16, 21 = 5*k - 2*i. Let q(x) = x + 13. Let c be q(-12). Calculate the greatest common divisor of c and k.
1
Let v be (172/10)/((-2)/20). Let z be v/(-22) - (-8)/44. Suppose 2*t + 4*h + 2 - z = 0, 0 = -3*t + h + 44. What is the greatest common factor of 52 and t?
13
Suppose 5*d = 3*i - 44, -6*i + 36 = -i + d. Calculate the greatest common factor of 40 and i.
8
Let m(n) = -n**3 + n**2 + n + 7. Let z be m(0). Let s = 1 + z. Calculate the highest common factor of s and 4.
4
Suppose 18 = -3*n + 4*n. What is the highest common divisor of 18 and n?
18
Suppose -10 = -4*j + 6, -3*m - 3*j + 1497 = 0. Calculate the highest common factor of m and 45.
45
Let w be (-514)/(-6) + (-8)/12. Let t be 8/(-4)*(4 + 0). Let l be (-3)/12 + (-138)/t. What is the greatest common factor of l and w?
17
Suppose -23 = 2*j - 83. What is the highest common factor of j and 330?
30
Let f(r) = r**2 + 7*r + 3. Let v be f(-7). Suppose v*w - 45 = -0. What is the highest common factor of w and 3?
3
Suppose -2*w - 3*w - 10 = 0, 4*d - 22 = 3*w. Calculate the greatest common factor of 20 and d.
4
Suppose 3*o - 3 + 0 = 0. Let s be 8/((o - 2)*-1). Suppose 2*q - 3 = 1. Calculate the highest common factor of q and s.
2
Let b = -82 - -192. Let l be (-1)/(-1) - (-12 + 3). Calculate the highest common factor of b and l.
10
Let x(f) = -6*f**3 - f**2 - 3*f + 1. Let b be x(-2). Calculate the greatest common divisor of b and 51.
51
Let j = -10 + 0. Let r(f) = -f**2 - 12*f + 12. Let a be r(j). What is the greatest common factor of 8 and a?
8
Suppose -16 = -3*z + 5*u + 18, -4*z + 38 = -3*u. Let h = z + 8. Suppose -5*n + 216 - h = 0. Calculate the greatest common factor of n and 5.
5
Suppose 0 = 5*s - s + 88. Let c be s/(0 - (-4)/(-16)). What is the greatest common divisor of 11 and c?
11
Let d = 2 + -1. Suppose -h + d = -0. Let l be 18/(h/((-30)/(-9))). Calculate the greatest common factor of l and 15.
15
Suppose 13 = 3*h - 59. Let o(y) = 3*y - 1. Let a be o(2). Suppose 4*q + 2*l - 48 = 3*l, -5*q - a*l = -60. What is the highest common factor of q and h?
12
Let d(n) = -n**2 - 3*n. Let u be d(-3). Let z(p) = p**2 - 3. Let k be z(-3). Suppose c - k*c + 825 = u. What is the highest common factor of 15 and c?
15
Let p(g) = -g**3 + g**2 + 10. Let t be p(0). What is the highest common factor of t and 90?
10
Suppose 8 = 4*d - 5*c + 3*c, 4*c + 16 = d. Suppose 8 = a - 18. Let f = a + d. What is the highest common divisor of f and 65?
13
Suppose 5*d = i + 23, 0 = -2*i - 4